 -11. Let l = 46 - 47. Is 3 - (l + 0 + w) prime?
False
Suppose -g - 130 - 23 = -q, g + 603 = 4*q. Suppose 0 = 2*d + 2*u - 4*u - q, -5*d - 5*u + 395 = 0. Is d prime?
False
Let c = -381 - -222. Let k = c - -337. Is k a composite number?
True
Suppose 5*x + 4*l - 2778 = 6091, l = x - 1772. Is (-4)/14 + x/7 a composite number?
True
Let z be 2/(-5)*1*-10. Suppose 2*b + 0 - z = 0. Suppose -43 = -b*u + 91. Is u prime?
True
Suppose -3*z - 1 + 10 = 0. Let k(n) = -3*n**2 - 2 + 5 + 7*n**2. Is k(z) a prime number?
False
Let z(x) = x**2 + 5*x + 6. Let b be z(-4). Suppose -26 = -b*y + y. Is y prime?
False
Let k(z) = 79*z**2 + 2*z - 1. Let t be k(1). Let u be (5/(-3))/(1/(-3)). Suppose 5*w - 138 = -4*h, -3*w + t + 99 = u*h. Is h composite?
False
Let z(u) = -u. Let m be z(-4). Let s(o) = 60*o - 2. Let v be s(m). Let r = -44 + v. Is r a composite number?
True
Suppose -8*p + 1810 = 218. Is p a composite number?
False
Let j(o) = -41*o**2 - 5*o + 1. Let y(g) = g**2 + g. Let z(m) = -j(m) - 6*y(m). Let b be z(-1). Is 1309/b - (-4)/(-10) a composite number?
False
Let g = 236 - -136. Suppose h + 3*h - g = 0. Suppose a + 16 = h. Is a composite?
True
Let i = -18 + 31. Is i a prime number?
True
Suppose -21 - 23 = -5*b - i, 60 = 5*b + 5*i. Let p = 11 - b. Suppose z + 174 = p*z. Is z prime?
False
Let g(f) = -f + 201. Let o be g(0). Suppose 0*t = 3*t - o. Is t a prime number?
True
Let c(y) = -y**3 - 7*y**2 - 5*y + 2. Let g be c(-6). Is (11 - -51)/(g/(-22)) composite?
True
Let t(k) = 43*k**2 - 14*k + 17. Is t(8) composite?
False
Suppose -f = -0*f - 5. Suppose 200 + 104 = p - 3*m, f*m - 870 = -3*p. Is p a composite number?
True
Suppose 890 + 111 = 7*x. Is x a prime number?
False
Suppose 5*o - 5*j = 15, 0 = -3*o + o - 2*j + 6. Let p be (-2 - -5) + o + -2898. Is 1/3 - p/18 composite?
True
Suppose 7*r - 2*r = 3*y - 27, -5*y + r + 23 = 0. Let w be 4/1 - (-4 + 8). Suppose -2*i - 6 = w, 0 = -2*c - 3*i + y*i + 95. Is c prime?
False
Let s = 59 - 55. Is s a prime number?
False
Suppose 2*q = q + 251. Is q prime?
True
Let y(p) = -22*p - 1. Let i be y(-8). Suppose 4*b + x = 359, -3*b - x - i = -5*b. Is b a composite number?
False
Let m(j) = 1115*j + 2. Let l be m(1). Suppose 4*c - l = 519. Is c a prime number?
True
Suppose 4*g = 8*g + 40. Let m be 5/(g/6) + 658. Suppose m = 3*y + 2*y + 4*l, 5*y - l = 630. Is y composite?
False
Let q(a) be the second derivative of -a**5/20 + a**4/6 + 5*a**3/6 - 3*a**2/2 + 2*a. Suppose 0 = r - 5 + 2. Is q(r) a composite number?
False
Let r(p) = -3*p**2 - 13*p - 3. Let q(o) = 2*o**2 + 12*o + 3. Let u(m) = -7*q(m) - 6*r(m). Is u(-5) prime?
True
Suppose 4*s - 4*b - 515 - 137 = 0, -s + 159 = b. Is s a composite number?
True
Suppose 2*j = 5*j - 639. Suppose 225 + j = 3*r. Is r a composite number?
True
Suppose 0 = -2*i - 2*i + 716. Is i prime?
True
Let u(q) = -19*q + 16. Suppose 0 = 5*n + s + 32, -8 = n - 2*s + 5. Is u(n) prime?
True
Let o(b) = 52*b - 1. Is o(10) a composite number?
True
Let b(j) = -j**3 + 7*j**2 - 6*j + 1. Let k be b(6). Let g = -7 + k. Is g/33 - (-510)/22 composite?
False
Suppose o + 2*g + 0*g - 247 = 0, g = o - 253. Is o a prime number?
True
Let b be (-4)/(-6) + 5053/3. Suppose 4*m = 20, 3*v + b = 8*v + 2*m. Is v composite?
True
Suppose -44 = b - 0*b. Let n = 79 + b. Is n prime?
False
Let i(j) = 3*j**3 - 6*j**2 + 5*j - 6. Let r(l) = 4*l**3 - 7*l**2 + 5*l - 7. Let t(w) = 3*i(w) - 2*r(w). Let k be t(6). Let p = k - 43. Is p a prime number?
False
Let w = -46 + 98. Suppose -w = -5*z + 3*b, z = -5*b + 3*b. Is (z/8)/((-2)/(-26)) composite?
False
Let t(a) = a**3 + 21*a**2 + a - 8. Is t(-10) prime?
False
Suppose 24 = x + 3*x. Let m = 12 - x. Is m a prime number?
False
Let j = -4 + 9. Suppose k - b = 2*k - 87, k - 3*b = 83. Suppose -m + k = -j. Is m composite?
True
Let r be (0 - 0)*(1 - 2). Suppose r*x + 2*x = 0. Suppose -2*c = x, -4*c + 48 + 99 = 3*a. Is a composite?
True
Let p(a) = a**3 - 3*a**2 + 6*a - 5. Let z be p(4). Let h = z - 21. Suppose -5*w = -59 + h. Is w prime?
False
Suppose -7*j + 3*j = 3*q + 8, -q + 2*j + 14 = 0. Suppose 9 - 29 = -q*d, 0 = 4*g - 3*d - 117. Is g prime?
False
Suppose -2*c = -c - 3. Is c + (-3)/1 - -31 a prime number?
True
Is ((-2)/3)/((-6)/1143) a composite number?
False
Is 2/1*(-1580)/(-8) composite?
True
Let v = 341 - -185. Is v prime?
False
Let x(k) = 10*k**2 - 5*k - 10. Let z be (-4 - -5) + 5 + 1. Is x(z) a prime number?
False
Let g be (380 + 1)*1/(-3). Let w = -71 - g. Let j = -17 + w. Is j a prime number?
False
Let x(b) = 50*b**2 + 1. Let w = 29 + -45. Let m be (4/w)/(1/4). Is x(m) a composite number?
True
Let u(q) = 15*q**2 - 14*q + 5. Is u(-6) a composite number?
True
Let y(n) = 4*n - 3*n + 4 - 1. Is y(7) composite?
True
Let k(q) = 10*q**2 + 4*q + 9. Let z be k(-6). Suppose 0 = -3*p - 0*p + z. Is p composite?
True
Let u(x) = x**2 + 5*x - 7. Let z be u(-7). Let l(g) = 3*g - 4 - g**2 + 1 + 12*g. Is l(z) a composite number?
False
Let y = -97 + 308. Is y a composite number?
False
Let b(i) = 196*i**2 - 8*i + 17. Is b(-7) prime?
True
Suppose 0 = -0*n + 2*n. Let s be (-2)/(n - 6/9). Suppose 0 = -s*f + b + 256, -2*f + 44 = -2*b - 128. Is f a prime number?
False
Let i be (-2)/(-5) - 52/(-20). Let u = 5 - i. Suppose 4*q - 3*p = 302, u*p + 33 = q - 40. Is q composite?
True
Let g(h) = 10 + 3*h + 6 + 0*h - 4*h. Let f be g(11). Suppose i = -2*p + 79, -f*i + 70 + 29 = 2*p. Is p prime?
True
Let b = 81 + -281. Suppose 0 = 3*i - 0*r + 3*r + 384, -i + 3*r = 108. Let x = i - b. Is x a prime number?
False
Let n = 10 - 6. Let p(h) = 4*h**2 + 5*h - 5. Is p(n) composite?
False
Is 1130*((-7)/2 + 4) prime?
False
Let f(k) = 317*k**2 + 1. Let t be f(1). Let i = t + -87. Suppose 0 = 5*y + 2*r - 227, 0*y - 5*y = r - i. Is y prime?
True
Let y(j) = 2*j**2 + 2*j - 5. Suppose 2*a - 10 = -0*a. Is y(a) a composite number?
True
Let t = -48 + 106. Let v = -37 + t. Is 293/3 + (-14)/v a composite number?
False
Let p(x) = -18*x - 29. Is p(-12) composite?
True
Suppose 2*n + 99 + 190 = u, n + 291 = u. Is (-2)/(-6)*(u - 2) a composite number?
False
Is 415 + (14/4 - 6/(-12)) prime?
True
Let m = 6 - 6. Let f be m - -2 - 80/2. Is (f + -1)*6/(-9) composite?
True
Let j be 1/(2/60 + 0). Suppose j = 5*n - 5*l, 3*l + 2*l + 26 = 3*n. Suppose -4*t + n*z = -236 - 128, 3*t + 4*z = 251. Is t prime?
True
Suppose 0*a = -4*a + 20. Suppose -3*o - u = o - 930, a*o - 1171 = 3*u. Is o a composite number?
False
Let n(b) = 61*b**2 + 5*b + 5. Is n(-2) composite?
False
Let q = 10 - 12. Is 1*26*(-1)/q a composite number?
False
Let w(l) = -2*l**3 + 9*l**2 - 6*l - 11. Is w(-8) a prime number?
True
Let c(q) = 27*q - 8. Is c(5) a composite number?
False
Let v(k) = k**2 - 2*k - 13. Is v(16) prime?
True
Let c(o) = 5*o**2 + 2. Is c(-4) a composite number?
True
Let z = -8 - -21. Let b = z + -7. Suppose b*c - 39 = 3*c. Is c prime?
True
Suppose 2*v = -4*u + 18, 0 = 3*v - 3*u - 89 + 35. Let k be (-8)/(-3) + (-10)/v. Suppose 3*o - 2*p - 377 = 0, p - 387 = -3*o - k*p. Is o a composite number?
False
Suppose 0 = -0*u + 2*u - 6, -4*j + 1686 = -2*u. Suppose z + j = 4*a, -4*a - 105 = -5*a + z. Suppose 0 = -2*i - 4*s - 0*s + a, 2*i - 106 = s. Is i prime?
True
Suppose -5*m - 3*s = 6300, 2*s = -3*m + 2*m - 1260. Let i = -696 - m. Suppose g + 2*z = 97, -2*z + i = 5*g + 111. Is g a composite number?
False
Let c(n) = -35*n + 5. Is c(-4) composite?
True
Let a be ((-45)/25)/((-3)/10). Suppose 2*f - a*f = -52. Is f a composite number?
False
Let g = 3 - 9. Is (-2)/g + 780/9 a composite number?
True
Suppose 3*o - 4*q - 470 = -5*q, 5*o - 4*q = 789. Is o prime?
True
Let o = 387 + -56. Is o composite?
False
Is (-39)/15 + 2 - 58768/(-80) prime?
False
Let q(d) = 8*d - 7. Suppose 15*f - 10*f - 60 = 0. Is q(f) prime?
True
Is (-3005)/(-15) + (-4)/(-6) a prime number?
False
Let f = -9 + 21. Suppose -5*j + f = 2. Suppose n - j*q - 20 = -7*q, q + 3 = 0. Is n composite?
True
Let o be (-3 - (-20)/(-12))*-3. Let z = 67 - o. Is z a prime number?
True
Let j be 46*((-18)/(-4) + -3). Let v = j + 40. Is v a prime number?
True
Let t be (2/6)/(5/45). Suppose -t*c - 2*s + 5*s = -651, -5*s = -2*c + 434. Is c a prime number?
False
Let p = -11 + 145. Is p composite?
True
Suppose -3*c + 57 = -210. Is c composite?
False
Is (5/2 - 3)*-178 composite?
False
Suppose 2*f + 0*f - 2*z - 3512 = 0, -5*f + 8788 = 3*z. Is f prime?
False
Suppo